). What is u(n)?
-5
Let z(t) = -3 - 1 + 5*t**2 + 11 + t**3. Suppose -2*y = 0, n - 3*n = y. Suppose 3*s + 15 = -n*s. Determine z(s).
7
Let k(b) be the third derivative of b**6/120 - b**5/12 + b**4/12 - b**3/3 - 14*b**2. Determine k(4).
-10
Let b(r) be the first derivative of -r**3/3 - 5*r**2/2 + 3*r - 29. Calculate b(3).
-21
Let f(q) = -q**3 + 7*q**2 - q + 2. Let s be f(7). Let c(y) = 4*y - 8. Let t(u) = -20*u + 8*u + 15 + 5*u. Let b(r) = s*c(r) - 3*t(r). Give b(5).
0
Let h = -13 + 15. Let i(c) = -3*c - 2. Give i(h).
-8
Suppose 4*m - 10 = -g - 2*g, 0 = -5*m + g + 22. Suppose -24 + m = 4*a. Let z(q) = q**3 + 4*q**2 - 5*q + 6. Calculate z(a).
6
Let z(k) = -21*k + 8. Let h(j) = -5*j + 2. Let x(f) = 9*h(f) - 2*z(f). Determine x(-2).
8
Let c(v) = 3*v. Let w be (-15)/4 + 4/(-16). Let h be (-4)/w + -3 + 0. What is c(h)?
-6
Let r = -9 + 3. Let y(d) = d**3 + 5*d**2 - 7*d - 5. Let l be y(r). Let o(v) = -l + v + 0 + 0. Give o(2).
1
Let m(q) be the first derivative of -q**2 - 2*q + 72. Let c = 0 + 2. Calculate m(c).
-6
Let h(m) = -4*m. Let s(d) = d**3 - 4*d**2 + 5*d - 4. Let g be s(3). Let i be (1 - (g - 0))*0. Suppose i = -3*v + v - 4. Determine h(v).
8
Let m(g) = 3*g**3 + 2*g**3 + 5*g**2 - 2 - 6*g**3. Let z(n) be the third derivative of -n**4/24 + 3*n**2. Let k be z(-5). Determine m(k).
-2
Let z(t) = -t**2 + 1. Let j(s) = -4*s + 2. Let n(a) = -j(a) + z(a). Let m(p) = p**2 - 3*p - 2. Let f be m(4). Let x = f + 3. Calculate n(x).
-6
Let m(o) = 1 - 4*o - 2*o**2 + o + 2*o. Let v(l) = -l**2 + 1. Let g(p) = 3*m(p) - 7*v(p). Suppose 4*s - 3*t = -0*t + 31, -7 = 2*s + 3*t. Give g(s).
0
Suppose j = 3*j - 12. Let h = 11 - j. Let g(i) = -i + 5. What is g(h)?
0
Let s(j) = 0*j + 3 - j - 5 + 3*j + j**2. Suppose 3*w - 12 = w. Suppose -2*y = -4*y - w. Determine s(y).
1
Let d(j) = j**3 + j**2 - 2*j + 2. Suppose o = -8 + 3. Let i = o - -2. Let w be i + 1 - (0 - -1). Determine d(w).
-10
Let i be (30/8)/((-9)/(-48)). Let g be 10/(-4)*(-16)/i. Let k(d) = 2*d**3 - 3*d**3 - 4*d**2 + 9*d**2 - g*d. Calculate k(5).
-10
Let n(z) be the first derivative of z**3/3 + 5*z**2/2 - 3*z + 2. Let p be 9*(1 + (-15)/9). What is n(p)?
3
Let j(o) = o**2 - 4*o - 16. Let s be j(7). Let l(h) be the first derivative of h**3/6 - 6*h**2 - h - 2. Let n(u) be the first derivative of l(u). What is n(s)?
-7
Suppose -23*j + 25*j - 36 = 0. Let a(u) = 4*u + j - 5 - 14. Give a(1).
3
Let c(w) = w**3 + 3*w**2 + 2*w - 3. Suppose -3*d - 18 = 4*n - 5, 1 = -n. Give c(d).
-9
Let o(b) = -60*b**2 + 62*b**2 - 1 - 3*b**3 + 0*b**3. Calculate o(-1).
4
Let n(q) = q**3 - 5*q**2 - 7*q - 5. Suppose y = 4*m - m - 3, -y = -5*m + 9. What is n(y)?
-11
Let g = -5 + 6. Let b(l) = -4*l**3 + l**2 + 3*l - 5. Let v(k) = -k**3 - 1. Let j(d) = g*b(d) - 3*v(d). Let w be 5*(1 + (-6)/10). Give j(w).
0
Let g(n) = 4*n**3 - 4*n**2 + 3*n + 3. Let l(b) = 3*b**3 - 5*b**2 + 2*b + 2. Let d(t) = -2*g(t) + 3*l(t). Give d(7).
0
Let l(k) = 5*k**3 + 23*k**2 + 18*k - 24. Let z(y) = -2*y**3 - 8*y**2 - 6*y + 8. Let i(x) = -3*l(x) - 8*z(x). Determine i(6).
8
Let d(y) be the second derivative of y**5/20 + y**3/2 - 10*y. Let j(h) be the second derivative of d(h). Determine j(-1).
-6
Let d(j) = -7 + j**2 + 6*j - 13*j + 4*j**2 + j**3. Calculate d(-6).
-1
Let d(c) = -c**3 + 5*c**2 + 5*c. Suppose -21 = -5*g + u + 10, 2*g - 4*u - 16 = 0. Calculate d(g).
-6
Suppose 0 = -2*f + n + 7, 2*n = 4*f + 5*n - 19. Suppose -3*w + w - 2*q + 6 = 0, 5*w + 2*q = 15. Let t(x) = w*x - 3*x + 6*x - 6 - x**2. Calculate t(f).
2
Let k(g) be the third derivative of -3*g**2 - 1/20*g**5 + 0 + 1/8*g**4 + 0*g - 1/120*g**6 + 1/3*g**3. Let l = 7 - 11. Determine k(l).
6
Suppose -25 = -5*w + 3*t + 2*t, 15 = 4*w - 3*t. Let y(k) = 6*k + w - 2 + 4. What is y(-2)?
-10
Let x(a) be the first derivative of -a**4/4 + 8*a**3/3 - 7*a**2/2 - 9*a + 7. Determine x(7).
-9
Let w(h) = -15*h**2 - 4*h - 3. Let b(s) = -16*s**2 - 3*s - 2. Let r(j) = 3*b(j) - 2*w(j). Determine r(-1).
-17
Let o(g) be the second derivative of -g**3/3 - 7*g**2/2 + 23*g. Calculate o(-5).
3
Let l(c) be the first derivative of -4*c**2 + 5*c + 2. Let v(k) = 23*k - 14. Let n(b) = -17*l(b) - 6*v(b). Let i = 16 + -17. Determine n(i).
1
Let y(z) = z - 1. Suppose -49 = -4*i - 1. Suppose 2*q = -q + i. Let m be q/(-6) + (-77)/(-21). Determine y(m).
2
Suppose 3*d - 6 = -15. Let y = d - -5. Let r(x) = 9 - 4*x + y + 3*x. Determine r(5).
6
Let q(k) = -2*k + 9. Suppose 5*l + 3 = 4*l. Let u(a) = -a + 3. Let r be u(l). What is q(r)?
-3
Let z(d) be the third derivative of -d**6/720 + 7*d**5/120 - d**4/4 - 6*d**2. Let j(x) be the second derivative of z(x). Give j(5).
2
Let s(o) = -o + 2. Let p(f) = -1. Let v(b) = -2*p(b) + s(b). Let x(y) = -y**2 + 12*y + 2. Let c be x(12). What is v(c)?
2
Let k(o) be the third derivative of o**5/60 - o**4/3 - 3*o**3/2 + 2*o**2 - 4*o. What is k(9)?
0
Let a(r) = -2*r**3 - r**2 - 9*r - 2. Let c(m) = -m**3 - m**2 - m. Let b(o) = a(o) - 4*c(o). Let g be (3 + 3)/6*(-4 + 1). Give b(g).
-14
Let w(a) be the third derivative of -a**6/120 - a**5/12 + a**4/4 + 7*a**3/6 + 4*a**2. Calculate w(-6).
7
Let u(d) = -d + 4*d**2 + 10*d**3 - 9*d**3 - 4 + 9. Give u(-4).
9
Let b(l) = -l**3 + l**2 - 3*l + 3. Let r be ((-10)/(-6))/(-1)*-3. Suppose -3*q = -5*o - 0*o + 10, r*q + 2 = o. Calculate b(o).
-7
Let d(i) = -i**3 - 3*i**2 + 5*i + 5. Let m = -9 + 3. Let n be ((-10)/(-4))/(3/m). Let y(b) = b**3 + 6*b**2 + 7*b + 6. Let w be y(n). What is d(w)?
1
Let a = -133 + 137. Let q(n) = -n**2 - n + 1. Let t(h) = 4*h**2 - h + 3. Let i(c) = -3*q(c) - t(c). What is i(a)?
-6
Let b(u) = u + 4. Suppose 5*g - 106 = 3*j, -3*j + 2*g - 83 - 17 = 0. Let h be (-2)/8 + (-8)/j. Calculate b(h).
4
Suppose -4*b + 18 = 30. Let i(x) be the third derivative of x**4/24 + x**3/2 + x**2. Give i(b).
0
Let h = 8 + -1. Let g = 3 - h. Let c(a) = 5*a - 1. Let s(p) = 3*p - 1. Let t(k) = -5*c(k) + 8*s(k). What is t(g)?
1
Let t(u) be the third derivative of 0*u + 0*u**4 - 1/120*u**6 - 2/3*u**3 + 2*u**2 + 0 - 1/20*u**5. Let w(o) = 2*o**3 - o**2. Let x be w(-1). Determine t(x).
-4
Let m(d) = d - 2. Let y(v) = -v + 6. Let x be y(12). Calculate m(x).
-8
Let z(c) = 7*c - 8*c**2 + 22*c**2 - 6*c**2 - 7*c**2 + 5. Calculate z(-5).
-5
Let n(h) = -2*h**2 - 7*h - 4. Let s(z) = z + 1. Let l(i) = n(i) + 6*s(i). Give l(-2).
-4
Suppose -5*j = 4*v - 28, -5 = 2*j - 13. Suppose -v*c = c - 9. Let w(u) = -u**3 + 3*u**2 + 2*u - 2. Give w(c).
4
Let q(r) be the second derivative of -r**4/12 - 5*r**3/6 - 3*r**2/2 - r. Let c(u) = u**2 + 3*u - 2. Let i be c(-2). Give q(i).
1
Let z(u) = u**2 + 7. Let d(o) = -o + 1. Let j(m) = 5*d(m) - z(m). Calculate j(-5).
-2
Let z(x) = 5 + 8*x - 19*x + 8*x. What is z(5)?
-10
Let s(o) be the third derivative of 5/24*o**4 - 2*o**2 - 1/120*o**6 - 1/30*o**5 + 1/2*o**3 + 0 + 0*o. What is s(-3)?
-3
Let i(f) be the first derivative of -3*f**4/4 + 2*f**3/3 + f**2 + 3*f + 7. Let s(q) = 7*q**3 - 3*q**2 - 5*q - 6. Let d(w) = -5*i(w) - 2*s(w). Determine d(4).
-3
Suppose 11 = w + 16. Let s(c) = -c**2 - 6*c + 7. Determine s(w).
12
Let b = 1 - 1. Let p be 1 + 2 - (-1 - -1). Let l(c) = 3 - 5*c**3 - 1 + c + 6*c**p + c**2 - 2*c**3. Calculate l(b).
2
Let f(n) be the third derivative of -n**4/24 - n**3/2 - 6*n**2. Determine f(4).
-7
Let l be (8/(-2) + 2)*-10. Suppose 5*y - y = -l. Let n(b) = 6*b**2 - b + 3. Let h(a) = -7*a**2 + 2*a - 4. Let t(p) = -5*h(p) - 6*n(p). What is t(y)?
-3
Let m(t) = -t**3 - 3*t**2 - 4. Let r be ((-14)/(-4))/((-1)/(-2)). Suppose -6*w + r*w = -3. What is m(w)?
-4
Let h(r) = -r**2 + 11*r - 13. Let g(t) = t**2 + 14*t + 50. Let d be g(-10). What is h(d)?
-3
Let x = 28 - 30. Let b(d) = 2*d**2 - d + 1. Determine b(x).
11
Let m(j) = -j**3 + 14*j**2 + 16*j - 13. Let z(a) = -a**3 - 11*a**2 - 12*a - 5. Let x be z(-10). Let f be m(x). Let v(r) = r. Calculate v(f).
2
Suppose 9*v + 7 = 2*v. Let a(s) = -s. What is a(v)?
1
Let s be (10/(-4))/(10/(-8)). Suppose s*p + 2 = -0*p. Let j(k) = -3*k**2 + 1. Calculate j(p).
-2
Let k(h) = -7*h - 3 + h**2 - 2 - 2*h**2 + 2*h**2. What is k(7)?
-5
Let m(c) be the third derivative of -5*c**4/12 - 16*c**2. Determine m(1).
-10
Let k(b) = 2*b**2 + 6*b + b**2 + 10 + 2*b. Let a(z) be the first derivative of -z**3/3 - 2*z**2 - 5*z - 5. Let c(q) = -5*a(q) - 2*k(q). Determine c(5).
0
Suppose -i - 19 = 5*q + 5, 5*i + 2*q + 5 = 0. Let z(j) = 2 + 6*j + 0 -